
What are the prime factors of 5435697?
3, 1811899
List the prime factors of 4511062.
2, 373, 6047
List the prime factors of 168461.
29, 37, 157
What are the prime factors of 32719251?
3, 10906417
List the prime factors of 270077.
29, 67, 139
List the prime factors of 587109.
3, 31, 59, 107
What are the prime factors of 25940714?
2, 12970357
What are the prime factors of 1029414?
2, 3, 37, 4637
List the prime factors of 1048617.
3, 37, 47, 67
List the prime factors of 1658318.
2, 829159
What are the prime factors of 356217?
3, 118739
What are the prime factors of 7984445?
5, 7, 228127
List the prime factors of 9393802.
2, 11, 67, 6373
List the prime factors of 1882642.
2, 23, 40927
What are the prime factors of 196771?
196771
List the prime factors of 4198301.
29, 71, 2039
List the prime factors of 32267.
41, 787
What are the prime factors of 10854063?
3, 11, 9967
What are the prime factors of 7585578?
2, 3, 7, 11, 13, 421
List the prime factors of 5498982.
2, 3, 101833
What are the prime factors of 1606818?
2, 3, 267803
What are the prime factors of 2186162?
2, 11, 99371
List the prime factors of 5189263.
5189263
What are the prime factors of 1315402?
2, 11, 59791
What are the prime factors of 744989?
7, 106427
List the prime factors of 1454819.
23, 43, 1471
What are the prime factors of 1284286?
2, 19, 33797
List the prime factors of 21336291.
3, 263411
List the prime factors of 273614.
2, 11, 12437
What are the prime factors of 35642?
2, 71, 251
What are the prime factors of 9073424?
2, 223, 2543
What are the prime factors of 2793457?
17, 164321
List the prime factors of 134880.
2, 3, 5, 281
List the prime factors of 7977528.
2, 3, 13, 947
What are the prime factors of 2348083?
2348083
What are the prime factors of 27577?
11, 23, 109
List the prime factors of 6910681.
353, 19577
What are the prime factors of 4041942?
2, 3, 191, 3527
What are the prime factors of 429143?
11, 13, 3001
What are the prime factors of 189238?
2, 7, 1931
List the prime factors of 178298.
2, 59, 1511
What are the prime factors of 197779?
197779
List the prime factors of 1366812.
2, 3, 37967
What are the prime factors of 48711?
3, 13, 1249
List the prime factors of 11267820.
2, 3, 5, 59, 1061
List the prime factors of 192214.
2, 11, 8737
What are the prime factors of 566905?
5, 113381
List the prime factors of 5668977.
3, 163, 11593
What are the prime factors of 2496716?
2, 79, 7901
What are the prime factors of 946809?
3, 11689
What are the prime factors of 11013208?
2, 659, 2089
List the prime factors of 9935090.
2, 5, 11, 181, 499
What are the prime factors of 643875?
3, 5, 17, 101
List the prime factors of 48716.
2, 19, 641
What are the prime factors of 203938?
2, 7, 2081
What are the prime factors of 4495318?
2, 2247659
What are the prime factors of 20083499?
20083499
List the prime factors of 12872311.
12872311
What are the prime factors of 3079320?
2, 3, 5, 67, 383
List the prime factors of 62262.
2, 3, 1153
What are the prime factors of 262238?
2, 19, 67, 103
What are the prime factors of 333774?
2, 3, 7, 883
What are the prime factors of 140114?
2, 13, 17, 317
List the prime factors of 477456.
2, 3, 7, 29
List the prime factors of 319280.
2, 5, 13, 307
What are the prime factors of 440998?
2, 311, 709
List the prime factors of 137056.
2, 4283
What are the prime factors of 495982?
2, 247991
List the prime factors of 24750164.
2, 17, 113, 3221
What are the prime factors of 1448581?
163, 8887
What are the prime factors of 12082251?
3, 53, 75989
List the prime factors of 3729569.
3729569
List the prime factors of 13545047.
31, 41, 10657
What are the prime factors of 232132?
2, 131, 443
List the prime factors of 76983.
3, 67, 383
What are the prime factors of 5639391?
3, 626599
What are the prime factors of 417575?
5, 16703
List the prime factors of 1284368.
2, 80273
What are the prime factors of 7631800?
2, 5, 11, 3469
What are the prime factors of 4140999?
3, 460111
List the prime factors of 702842.
2, 7, 61, 823
What are the prime factors of 435340?
2, 5, 21767
List the prime factors of 4171635.
3, 5, 13, 2377
What are the prime factors of 1160708?
2, 61, 67, 71
What are the prime factors of 3331967?
353, 9439
What are the prime factors of 1745004?
2, 3, 145417
List the prime factors of 13629020.
2, 5, 681451
What are the prime factors of 382021?
382021
What are the prime factors of 1798911?
3, 101, 1979
What are the prime factors of 24353949?
3, 107, 75869
List the prime factors of 13193683.
17, 776099
What are the prime factors of 4229253?
3, 7, 7459
What are the prime factors of 2820868?
2, 149, 4733
What are the prime factors of 311862?
2, 3, 51977
List the prime factors of 701052.
2, 3, 11, 47, 113
List the prime factors of 442485.
3, 5, 9833
What are the prime factors of 157195?
5, 149, 211
List the prime factors of 14170440.
2, 3, 5, 263, 449
List the prime factors of 7462290.
2, 3, 5, 11, 22613
What are the prime factors of 2370550?
2, 5, 7, 13, 521
List the prime factors of 3622065.
3, 5, 19, 71, 179
List the prime factors of 245073.
3, 151, 541
What are the prime factors of 1846786?
2, 263, 3511
List the prime factors of 1875525.
3, 5, 17, 1471
What are the prime factors of 262539?
3, 31, 941
List the prime factors of 41872.
2, 2617
List the prime factors of 10531484.
2, 97, 27143
What are the prime factors of 1281351?
3, 427117
What are the prime factors of 678634?
2, 11, 109, 283
List the prime factors of 14650360.
2, 5, 366259
List the prime factors of 422261.
7, 179, 337
What are the prime factors of 299076?
2, 3, 24923
List the prime factors of 2531889.
3, 281321
What are the prime factors of 1199784?
2, 3, 49991
What are the prime factors of 1088097?
3, 47, 7717
List the prime factors of 176244.
2, 3, 19, 773
What are the prime factors of 5648288?
2, 176509
List the prime factors of 4113165.
3, 5, 7, 43, 911
List the prime factors of 5380083.
3, 53, 11279
What are the prime factors of 731361?
3, 243787
What are the prime factors of 20970870?
2, 3, 5, 19, 36791
List the prime factors of 855059.
855059
List the prime factors of 9806937.
3, 7, 466997
List the prime factors of 77890.
2, 5, 7789
What are the prime factors of 88683?
3, 7, 41, 103
What are the prime factors of 1224584?
2, 153073
List the prime factors of 73659.
3, 43, 571
What are the prime factors of 13957177?
13, 37, 29017
List the prime factors of 834950.
2, 5, 16699
List the prime factors of 84558.
2, 3, 17, 829
List the prime factors of 301927.
301927
List the prime factors of 420170.
2, 5, 42017
List the prime factors of 1226578.
2, 613289
List the prime factors of 12759179.
12759179
List the prime factors of 3571829.
19, 53, 3547
List the prime factors of 807294.
2, 3, 157, 857
What are the prime factors of 183659?
7, 26237
List the prime factors of 266439.
3, 88813
List the prime factors of 567153.
3, 29, 41, 53
List the prime factors of 3421375.
5, 101, 271
What are the prime factors of 194986?
2, 11, 8863
List the prime factors of 3156751.
13, 18679
What are the prime factors of 2397075?
3, 5, 31, 1031
What are the prime factors of 11671979?
11, 17, 62417
List the prime factors of 27094017.
3, 9031339
List the prime factors of 57625.
5, 461
What are the prime factors of 5916679?
359, 16481
What are the prime factors of 245580?
2, 3, 5, 4093
List the prime factors of 24337731.
3, 11, 737507
List the prime factors of 26460567.
3, 7, 191, 733
List the prime factors of 27176251.
17, 19, 84137
What are the prime factors of 1344657?
3, 439, 1021
What are the prime factors of 36168274?
2, 137, 132001
What are the prime factors of 107410?
2, 5, 23, 467
What are the prime factors of 11582124?
2, 3, 965177
List the prime factors of 6823.
6823
What are the prime factors of 21915711?
3, 23, 35291
List the prime factors of 999831.
3, 7, 47, 1013
What are the prime factors of 828169?
828169
List the prime factors of 331892.
2, 11, 19, 397
List the prime factors of 12571854.
2, 3, 2095309
List the prime factors of 1005485.
5, 13, 31, 499
List the prime factors of 404997.
3, 134999
What are the prime factors of 719364?
2, 3, 151, 397
What are the prime factors of 128835?
3, 5, 7, 409
List the prime factors of 281344.
2, 7, 157
What are the prime factors of 319920?
2, 3, 5, 31, 43
List